 -121440 (base 6) to base 7.
-43230
1035 (base 6) to base 8
357
What is -21012 (base 3) in base 5?
-1234
What is -22121 (base 3) in base 11?
-1a1
10100010000 (base 2) to base 11
a79
Convert -43123 (base 5) to base 15.
-ce3
Convert 539 (base 10) to base 4.
20123
Convert 38b3 (base 12) to base 7.
24603
What is 112020 (base 3) in base 13?
237
Convert 269 (base 10) to base 13.
179
Convert e08 (base 15) to base 2.
110001010110
-1296d (base 14) to base 4
-23023011
54b (base 15) to base 3
1122022
What is 21324 (base 7) in base 13?
2556
-1db (base 16) to base 10
-475
117613 (base 8) to base 7
230035
-1692 (base 10) to base 4
-122130
Convert -2031202 (base 4) to base 10.
-9058
What is 32111023 (base 4) in base 8?
162513
Convert 3133 (base 5) to base 7.
1135
-2561 (base 13) to base 4
-1103012
What is -10001 (base 3) in base 10?
-82
-7534 (base 15) to base 8
-60337
Convert d7 (base 14) to base 9.
230
What is -3510 (base 7) in base 9?
-1673
14e6 (base 16) to base 5
132400
-12112110 (base 3) to base 11
-3039
Convert -10b2 (base 12) to base 16.
-746
What is 6651 (base 7) in base 15?
a93
-301 (base 4) to base 15
-34
226a (base 13) to base 11
3692
What is -242 (base 14) in base 15?
-200
-21033 (base 4) to base 6
-2423
What is 11232 (base 4) in base 10?
366
30200233 (base 4) to base 9
77261
-426004 (base 7) to base 2
-10010000101101100
1a38b (base 14) to base 9
111273
a7b1 (base 12) to base 8
43765
Convert 19a (base 12) to base 7.
523
-c34 (base 13) to base 16
-817
Convert -215304 (base 6) to base 13.
-8299
Convert 1096 (base 12) to base 16.
732
-2ac (base 14) to base 15
-264
What is 3a670 (base 11) in base 3?
2221121111
Convert 58621 (base 9) to base 3.
1222200201
What is -66225 (base 8) in base 3?
-1102010112
87d7 (base 16) to base 15
a485
What is 15a5 (base 15) in base 5?
122110
Convert 712 (base 11) to base 10.
860
269d (base 16) to base 4
2122131
Convert 45455 (base 6) to base 8.
14453
What is 202 (base 15) in base 4?
13010
Convert 35333 (base 6) to base 11.
3914
Convert -6072 (base 9) to base 7.
-15641
-2847 (base 11) to base 7
-13506
Convert -138a (base 16) to base 7.
-20404
Convert 210020200 (base 3) to base 15.
48c9
88935 (base 10) to base 2
10101101101100111
What is -10101000 (base 2) in base 14?
-c0
Convert 3643 (base 13) to base 14.
2b12
Convert -1364 (base 7) to base 4.
-20120
What is -41143 (base 5) in base 12?
-1669
Convert -1176 (base 8) to base 5.
-10023
Convert 11121 (base 3) to base 7.
235
427 (base 9) to base 2
101011101
What is 17365 (base 10) in base 7?
101425
Convert -2341 (base 8) to base 6.
-5441
-4 (base 15) to base 10
-4
2224 (base 8) to base 2
10010010100
What is 2022 (base 9) in base 3?
2000202
-1c3b (base 15) to base 9
-8362
Convert -23323 (base 4) to base 14.
-3c7
What is -1758 (base 10) in base 7?
-5061
Convert 30230 (base 4) to base 12.
578
Convert 10010001110 (base 2) to base 6.
5222
What is 404333 (base 6) in base 4?
13311201
Convert 400 (base 12) to base 4.
21000
Convert 148 (base 9) to base 3.
11122
Convert -356 (base 15) to base 2.
-1011110100
Convert -720 (base 9) to base 5.
-4320
What is 4f1 (base 16) in base 5?
20030
What is 349 (base 12) in base 14?
26d
-1656 (base 13) to base 8
-6322
What is 2445 (base 6) in base 5?
4410
Convert -202 (base 9) to base 2.
-10100100
Convert 13635 (base 7) to base 13.
1926
16111 (base 9) to base 8
25422
-2a (base 12) to base 6
-54
What is 110010101011 (base 2) in base 11?
2489
272 (base 14) to base 3
200020
1020 (base 8) to base 5
4103
Convert 11000111011101 (base 2) to base 9.
18453
-23058 (base 9) to base 3
-210001222
What is 54134 (base 6) in base 12?
434a
Convert -59980 (base 10) to base 7.
-336604
What is 1366 (base 13) in base 7?
11062
Convert -2b7 (base 16) to base 10.
-695
What is 2633 (base 7) in base 13?
5c3
What is -639 (base 11) in base 16?
-300
-3ab2 (base 12) to base 11
-5094
23834 (base 10) to base 6
302202
22231 (base 7) to base 2
1010111101000
-14411 (base 5) to base 7
-3406
What is 1310 (base 6) in base 5?
2310
What is -203 (base 4) in base 12?
-2b
Convert 9208 (base 12) to base 9.
23658
-200213 (base 4) to base 2
-100000100111
Convert 4430 (base 6) to base 5.
13101
What is -679a (base 13) in base 8?
-34234
Convert 679 (base 10) to base 5.
10204
What is -3133000 (base 4) in base 12?
-8314
101002 (base 5) to base 7
12324
Convert 6261 (base 7) to base 5.
32244
-3768 (base 9) to base 7
-11132
Convert -1003 (base 5) to base 10.
-128
Convert -1214 (base 12) to base 15.
-907
3159 (base 11) to base 9
5652
What is 223232 (base 6) in base 2?
100100111000100
Convert 1101011110 (base 2) to base 5.
11422
61bf (base 16) to base 15
7633
What is 102023 (base 7) in base 14?
654a
What is 1350 (base 7) in base 13?
315
Convert 1000120 (base 3) to base 10.
744
What is 5541 (base 9) in base 5?
112322
Convert 292 (base 16) to base 10.
658
1258 (base 11) to base 5
23021
9d (base 16) to base 10
157
What is 110011111 (base 2) in base 15?
1ca
-4977 (base 13) to base 7
-42225
What is -3482 (base 9) in base 11?
-1a40
What is -33354 (base 6) in base 4?
-1021012
-4509 (base 12) to base 3
-101111000
Convert 25142 (base 6) to base 3.
12010022
What is -22ba (base 12) in base 15?
-1241
-455 (base 10) to base 3
-121212
36a7 (base 14) to base 3
111002220
What is 18514 (base 10) in base 5?
1043024
-25168 (base 9) to base 14
-623c
What is -1118 (base 10) in base 8?
-2136
Convert -2252 (base 7) to base 2.
-1100110101
Convert 40c4 (base 15) to base 7.
54616
Convert 1194 (base 10) to base 6.
5310
-76 (base 9) to base 16
-45
What is 52460 (base 10) in base 13?
1ab55
626 (base 7) to base 5
2224
What is 3301233 (base 4) in base 14?
58d1
What is -10003 (base 4) in base 2?
-100000011
-945 (base 12) to base 11
-1017
What is -12a (base 16) in base 10?
-298
What is 13087 (base 10) in base 9?
18851
What is 89be (base 15) in base 13?
103a6
-1513 (base 6) to base 3
-120000
What is -1220011 (base 4) in base 2?
-1101000000101
Convert -10156 (base 9) to base 10.
-6693
Convert 101110100011 (base 2) to base 4.
232203
Convert -3a5a4 (base 11) to base 2.
-1110001001100000
-2132230 (base 4) to base 16
-27ac
-8337 (base 11) to base 8
-25453
4240342 (base 5) to base 14
1c003
Convert -16181 (base 11) to base 7.
-123403
Convert 5a0 (base 16) to base 2.
10110100000
-7a6 (base 11) to base 14
-4cb
Convert -2740 (base 9) to base 13.
-c27
-375 (base 8) to base 12
-191
-5568 (base 10) to base 9
-7566
Convert 3a14 (base 15) to base 4.
3001222
-254a3 (base 12) to base 13
-1a187
Convert 1001100110101010 (base 2) to base 14.
1049c
Convert -261 (base 10) to base 4.
-10011
212210 (base 3) to base 13
3a5
Convert -8a (base 15) to base 9.
-154
What is 20 (base 16) in base 13?
26
-534 (base 9) to base 12
-304
-756 (base 15) to base 5
-23111
What is 255 (base 13) in base 14?
212
Convert 26036 (base 7) to base 3.
100110002
464 (base 8) to base 9
372
-90c (base 13) to base 9
-2083
722 (base 12) to base 2
10000001010
8305 (base 15) to base 6
332052
Convert 32404 (base 6) to base 12.
2704
-11101 (base 2) to base 7
-41
Convert 488 (base 10) to base 3.
200002
3a69 (base 13) to base 5
231433
a50 (base 14) to base 9
2705
What is 110000110010110 (base 2) in base 16?
6196
Convert -257 (base 13) to base 2.
-110011010
Convert -6306 (base 7) to base 12.
-1343
1010010001101 (base 2) to base 12
3065
Convert 9623 (base 11) to base 14.
48d4
What is 14203 (base 6) in base 2?
100010111011
What is 12636 (base 7) in base 6?
23440
-302121 (base 4) to base 6
-22533
-27363 (base 13) to base 5
-4314324
Convert -12004 (base 5) to base 12.
-613
What is 1000000111010 (base 2) in base 14?
172a
What is -93d (base 14) in base 2?
-11100011011
Convert -57174 (base 8) to base 16.
-5e7c
Convert 8b83 (base 12) to base 5.
444012
What is 21a (base 14) in base 8?
640
126 (base 9) to base 11
96
What is 207 (base 8) in base 11?
113
-20021222 (base 3) to base 13
-2120
Convert 1033 (base 10) to base 7.
3004
Convert -2ed1 (base 16) to base 6.
-131253
Convert 616 (base 8) to base 4.
12032
42362 (base 7) to base 12
6095
-131202 (base 4) to base 9
-2530
What is -9d0a (base 14) in base 15?
-811e
What is 2403 (base 5) in base 13?
212
What is -4785 (base 11) in base 2?
-1100001111000
Convert 644 (base 10) to base 14.
340
Convert -1010201202 (base 3) to base 10.
-22403
Convert -30456 (base 7) to